mainder when t(o) is divided by (1*2)/(-2)*-9.
8
Let t(c) = 2*c**2 - 5*c - 12. What is the remainder when 88 is divided by t(6)?
28
Let l = 4 + 0. Suppose -4 = 2*n - l*n. What is the remainder when 6 is divided by n?
0
Suppose -3*n + 143 = 5*p - 77, 0 = -p + 3*n + 26. Let i = -1 + -22. Calculate the remainder when p is divided by 2/(-1 + i/(-21)).
20
Suppose 4*s - 2*o - 72 = 2*o, 0 = 3*s - o - 52. Let t(l) = -10*l + 2. What is the remainder when t(-3) is divided by s?
15
Suppose 4*w = 0, -3*w + 22 = 2*k + 2*w. Let f = -7 + k. Suppose -61 = -3*y - f*i, -3*i = -y + 2*y - 22. Calculate the remainder when 55 is divided by y.
17
Let w(k) = 2*k - 1. Let t(g) = g**2 - 3*g - 3. Let a be t(4). Let p = -33 - -35. Calculate the remainder when p is divided by w(a).
0
Let v = 12 + -6. What is the remainder when -10*-3*1/v is divided by 4?
1
Let z(f) = f**3 + f**2 + 10. Let m = 39 + -20. Calculate the remainder when m is divided by z(0).
9
Let d(p) = -p**3 - 4*p**2 - p + 4. Let b = -8 - -15. Calculate the remainder when 96/7 + 2/b is divided by d(-4).
6
Let m(y) = 4*y**3 + 2*y**2 - 3*y - 2. Let r be m(-2). Let c = r + 57. What is the remainder when c is divided by 13?
11
Let y(c) = -4*c - 2. Let i be y(-4). What is the remainder when 72/28*(0 + i) is divided by (-82)/(-6) + 2/(-3)?
10
Let h be (-2)/((-5)/((-15)/(-2))). Suppose -14 - 26 = -2*n - h*w, 80 = 4*n + 2*w. What is the remainder when 38 is divided by n?
18
Let h(b) = b + 6. Let p be h(-4). Suppose -22 = -p*t - 4. Calculate the remainder when 33 is divided by t.
6
Let s(f) = f**3 - 2*f**2 - f - 12. Calculate the remainder when 60 is divided by s(4).
12
Suppose -3*k = -63 - 12. Let p(q) = -q**2 + 2*q - 1. Let x be p(3). Calculate the remainder when k is divided by x/(-10) + 63/5.
12
Let m(w) = w**2 - 22*w + 34. What is the remainder when 43 is divided by m(21)?
4
Let x(s) = 3*s - 16. Let w be x(12). Suppose w = -2*g + 7*g. Suppose -g*i = -13 + 1. Calculate the remainder when i is divided by 2.
1
Let i = 138 - 137. Suppose -t = 5*w - 1, 3*t - 5 = -2*t - 5*w. Calculate the remainder when t is divided by i.
0
Calculate the remainder when ((-108)/8)/((-6)/8) is divided by 7.
4
Let m = 77 - 33. Suppose -2*k + 21 + 9 = 0. What is the remainder when m is divided by k?
14
Let g(l) = 2*l + 1. Let u be g(-7). Suppose 0 = 5*k - 129 - 1. Let n = k + u. Calculate the remainder when n is divided by 7.
6
Calculate the remainder when 91 is divided by 2*1*((-399)/(-14))/3.
15
Let p(w) = 8*w - 6. Let c(t) = 16*t - 11. Let z be (-1 + 0)/((-1)/7). Let m(f) = z*p(f) - 4*c(f). What is the remainder when m(-4) is divided by 18?
16
Calculate the remainder when (8/(-14))/(2/(-469)) is divided by 34.
32
Let c be (-10)/(-45) - 4/18. Suppose -3*r = 12, -l + c = 4*r + 1. What is the remainder when 29 is divided by l?
14
Suppose -5*y + 476 = -d, y - 92 = -0*y - 3*d. Calculate the remainder when y is divided by 14.
11
Suppose 5*t + 7 = 4*i, -2*i - 3*t + 15 = 2*i. Suppose 0*a - 2*a = 5*d - 37, 0 = i*d + a - 23. What is the remainder when 25 is divided by d?
7
Let l(x) = 7*x**2 - x + 3. What is the remainder when l(-2) is divided by 12?
9
Let m(h) = 108*h**3 - 2*h + 1. Let a be -1 + 2/3*3. Let u be m(a). Calculate the remainder when u/6 - (-1)/6 is divided by 10.
8
Let j = -12 - -18. What is the remainder when (0 - (-1 + -1)) + 8 is divided by j?
4
Let r = 2 - 2. Suppose r = q + q. Suppose q*o - 4*o = 3*m - 18, 0 = 4*o. What is the remainder when 17 is divided by m?
5
What is the remainder when (-39)/(-65) - 362/(-5) is divided by (50/(-8))/((-3)/12)?
23
Suppose -y - 3*m = 11, 4*y + y + m + 13 = 0. Suppose 74 = 25*b - 27*b. What is the remainder when (y - b)/(1 - 0) is divided by 12?
11
Let l = 16 - 11. Let w(a) = a**3 - 5*a**2 + 5*a - 5. What is the remainder when w(l) is divided by 7?
6
Let q be ((-9)/(-6))/((-1)/4). Calculate the remainder when ((-3)/2)/(q/152) is divided by 20.
18
Let d(f) = f - 1. Let q be d(3). Suppose -3*w + q*w = -30. Let u(c) = 3*c + 4. Calculate the remainder when w is divided by u(4).
14
Suppose 4*j = 2*j - 4. Let x be (j/5)/(1/15). What is the remainder when (-136)/x + 2/(-3) is divided by 8?
6
Suppose -5*d - 21 = 4*i, 7 = 3*i - 6*i + 5*d. Let u = -6 + i. Let o(w) = -w + 2. Calculate the remainder when 21 is divided by o(u).
9
Suppose -2*z - z - 148 = -2*t, 5*z = 3*t - 223. Calculate the remainder when t is divided by 18.
17
Let f(i) = i**3 + 9*i**2 - 12*i. What is the remainder when f(-10) is divided by 11?
9
Let z = 146 - 55. Calculate the remainder when z is divided by 25.
16
Suppose 5 = 4*n - 23. What is the remainder when 27 is divided by n?
6
Suppose -4*j + 3*l + l + 96 = 0, 2*j - 4*l = 44. What is the remainder when 73 is divided by j?
21
Let r(f) = f + 2. Suppose -3*c - 3*u = -18, -7*c + 3*u = -3*c - 31. Let k = c - 5. Calculate the remainder when r(0) is divided by k.
0
Suppose 0*c + 3*c = 60. What is the remainder when 59 is divided by c?
19
Suppose 0 = -5*c + 5*k - 40, 0 = 4*c + c + 2*k + 5. Let z(s) = 3*s**2 + 6*s - 1. Calculate the remainder when z(c) is divided by (-1)/(-2 - 5/(-3)).
2
Suppose 3*p = 2*g + 29, -2*p + 5*g = 3*p - 45. Calculate the remainder when p is divided by 4.
3
Let c be 64/12*(-162)/(-4). Suppose -49 = -5*g + c. Let y = 34 + -16. What is the remainder when g is divided by y?
17
Let q(p) = -2*p - 9. Let d be q(-6). Suppose d*i = 2*z + z + 3, 3*z = 15. What is the remainder when 9 is divided by i?
3
Suppose 3*m - 21 = -9. Let f = m + 6. What is the remainder when 9 is divided by (-12)/f*40/(-12)?
1
Let v(k) = -k**2 + 0*k + 2*k**2 + 0*k**2 - 2*k. What is the remainder when v(5) is divided by 6?
3
Let x = 5 - -11. Calculate the remainder when 29 is divided by x.
13
Suppose -3*z + 7*z = 304. Calculate the remainder when z is divided by 26.
24
Let a(x) = -x - 4. Let n be a(-4). Suppose 0 = -2*y - 6, 1 = -4*d - 3*y - n. Suppose 3*u - 13 = d*u. Calculate the remainder when u is divided by 7.
6
Let p = -4 - -6. Let c be (0 - -4)*p/4. Suppose -h = c*h - 33. What is the remainder when h is divided by 7?
4
Suppose 5*j - 19 = 3*i, 0 = i + 2*i - j + 11. Let u be (0 + -4)*i/(-2). Calculate the remainder when (-67)/(-3) - u/9 is divided by 12.
11
Let i = 56 + -45. What is the remainder when 75 is divided by i?
9
Let y be (-46)/(-3)*3/2. Suppose 5*h - 62 = y. Let v(g) = 4*g - 7. What is the remainder when v(10) is divided by h?
16
Suppose 25 = m - 3*y, 4*m - 4*y = 49 + 83. What is the remainder when m is divided by 9?
1
Suppose 2*t + 103 = -0*g + 3*g, t = 2*g - 67. Let a = 43 - g. Suppose -4*q + 40 = -2*u, 4*u = a - 4. Calculate the remainder when 30 is divided by q.
8
Suppose c + 3 = -5*b + 5, 46 = 3*c - 5*b. Let u = -45 + 90. What is the remainder when u is divided by c?
9
Let l(k) be the third derivative of k**6/120 + k**5/10 + k**4/8 - 7*k**3/6 + 2*k**2. What is the remainder when (-3)/(-12) - (-124)/16 is divided by l(-5)?
2
Let o = 10 - 6. Suppose 0*p - 8 = -o*p. Let l(q) = q**3 - q**2 + 1. Calculate the remainder when l(p) is divided by 2.
1
Suppose 0*v + 232 = 4*v. Suppose -105 = 4*q - 11*q. Calculate the remainder when v is divided by q.
13
Let r be -1*(-3 - -3 - -2). Let l be ((-2)/(-1))/(r/(-7)). Suppose -2*f = 3*x - 62, -l*x + 132 = 4*f - 3*x. What is the remainder when f is divided by 10?
7
Suppose 2*c - 22 = -0. Calculate the remainder when 28 is divided by c.
6
Suppose 8*i - 78 = 2*i. Calculate the remainder when 127 is divided by i.
10
Suppose 0*j - 2*j = -14. Calculate the remainder when 17 is divided by j.
3
Suppose 0 = 3*u + 5*x - 24, x = -3*u + 18 + 6. What is the remainder when 13 is divided by u?
5
Suppose 3*o = -4*z + 74, -4*o + 4*z = -o - 82. Calculate the remainder when o is divided by 15.
11
Suppose 0*c - 5 = -c. Let s = 30 + -16. What is the remainder when s is divided by c?
4
Suppose 2*c - 3 + 1 = 0. Calculate the remainder when 37 is divided by 10*c*(4 - 2).
17
Let t = 227 - 57. Suppose 5*v - 5*c = t, 2*v + 5*c = c + 92. What is the remainder when v is divided by 13?
12
Let g = -11 - -37. What is the remainder when g is divided by 10?
6
Let z(h) = 21*h - 12. Let i(j) = j + 17. Calculate the remainder when z(2) is divided by i(0).
13
Suppose 2*r - 63 = k - 0*k, r + 5*k - 26 = 0. Calculate the remainder when 122 is divided by r.
29
Suppose -5*r + 95 - 15 = 